) in base 14?
-14da
6b7 (base 14) to base 2
10100111001
Convert -7560 (base 8) to base 5.
-111302
Convert 3cbd (base 14) to base 2.
10100111111111
Convert -112210 (base 3) to base 2.
-110001111
What is 17045 (base 10) in base 6?
210525
a79 (base 14) to base 9
2746
-23 (base 15) to base 9
-36
Convert -4902 (base 10) to base 12.
-2a06
Convert 1aa1 (base 15) to base 2.
1011010010000
Convert 317 (base 9) to base 12.
197
What is -6024 (base 13) in base 7?
-53343
What is -11200010 (base 3) in base 14?
-1353
-110212120 (base 3) to base 4
-2102220
What is -110111011101 (base 2) in base 11?
-2737
Convert 46400 (base 7) to base 16.
2e52
What is 772 (base 15) in base 16?
692
Convert 20121021 (base 3) to base 16.
12cd
Convert 84 (base 15) to base 12.
a4
Convert -114331 (base 5) to base 11.
-3297
What is 4525 (base 6) in base 3?
1110022
Convert 1002111001 (base 3) to base 15.
657d
What is -412 (base 5) in base 15?
-72
Convert 242044 (base 5) to base 12.
5280
Convert -2630 (base 8) to base 5.
-21212
-278 (base 11) to base 6
-1303
464 (base 12) to base 7
1621
Convert -212031 (base 4) to base 3.
-10100120
What is -20446 (base 7) in base 9?
-6811
Convert -72 (base 15) to base 3.
-10222
149 (base 11) to base 2
10101110
601 (base 16) to base 14
7bb
-51066 (base 8) to base 12
-1021a
Convert 1046 (base 12) to base 15.
7dc
6004 (base 8) to base 3
11012221
Convert 132434 (base 7) to base 4.
12011111
What is -711 (base 16) in base 5?
-24214
Convert -1211 (base 8) to base 9.
-801
-6277 (base 8) to base 5
-101023
229 (base 15) to base 4
13221
Convert 1724 (base 12) to base 15.
c44
What is 5526 (base 10) in base 5?
134101
-228 (base 14) to base 2
-110101100
-2201 (base 5) to base 7
-610
-17380 (base 9) to base 3
-121102200
What is 130451 (base 6) in base 16?
2e3f
189 (base 16) to base 15
1b3
Convert a8f (base 16) to base 8.
5217
What is -22213 (base 7) in base 13?
-2716
What is 322203 (base 4) in base 5?
104442
Convert -6531 (base 14) to base 12.
-a153
14616 (base 7) to base 2
111111110000
What is 2022201 (base 4) in base 10?
8865
Convert 2356 (base 10) to base 5.
33411
What is 558 (base 9) in base 2?
111001010
2221220 (base 3) to base 13
c9c
Convert 2015 (base 7) to base 4.
22322
What is 90 (base 12) in base 15?
73
20114 (base 9) to base 4
3032200
What is 30112000 (base 4) in base 13?
1a023
Convert -5400 (base 8) to base 14.
-1052
4118 (base 9) to base 6
21542
-11424 (base 6) to base 2
-11010001000
Convert -264 (base 14) to base 4.
-13200
Convert 4506 (base 7) to base 12.
b33
-102002 (base 5) to base 11
-25a0
What is -1822 (base 11) in base 14?
-bbd
Convert -120202021 (base 3) to base 14.
-4282
Convert 156a3 (base 14) to base 8.
150317
Convert -103002 (base 4) to base 14.
-630
What is 10d4a (base 15) in base 16?
d174
Convert -2013201 (base 4) to base 7.
-34200
What is 680 (base 12) in base 6?
4240
Convert -124 (base 8) to base 2.
-1010100
Convert -1010000010000011 (base 2) to base 11.
-28966
3780 (base 11) to base 10
4928
What is -6480 (base 14) in base 13?
-7b95
-7441 (base 13) to base 7
-64651
What is b3b1 (base 12) in base 11?
13784
3bcc (base 15) to base 6
135120
What is 137 (base 8) in base 13?
74
What is 22566 (base 7) in base 6?
42433
What is -13032 (base 5) in base 16?
-3f9
Convert 2110211 (base 3) to base 13.
a8a
15540 (base 6) to base 15
b70
-1ba (base 12) to base 8
-436
Convert 1076 (base 10) to base 16.
434
Convert -9be (base 15) to base 12.
-1338
What is 203 (base 5) in base 2?
110101
Convert 302121 (base 4) to base 11.
2472
Convert -332 (base 7) to base 13.
-101
Convert -1186 (base 16) to base 5.
-120421
What is 41043 (base 6) in base 15?
191c
What is 23067 (base 11) in base 10?
33348
1237 (base 11) to base 7
4463
Convert 1010000101 (base 2) to base 8.
1205
Convert 16322 (base 7) to base 12.
2812
What is 8802 (base 9) in base 8?
14522
What is 148 (base 12) in base 14?
104
What is 47 (base 9) in base 4?
223
What is 2066 (base 8) in base 2?
10000110110
Convert -21111120 (base 3) to base 6.
-41153
83 (base 14) to base 7
223
Convert -1111111110 (base 2) to base 6.
-4422
-10303 (base 5) to base 3
-222001
Convert -d270 (base 15) to base 9.
-66846
-3210213 (base 5) to base 4
-31020300
Convert -101310 (base 6) to base 16.
-1faa
What is 912 (base 13) in base 8?
3000
What is -10230 (base 4) in base 15?
-150
Convert -b1a (base 15) to base 4.
-213010
Convert 12203 (base 5) to base 9.
1241
What is 2640 (base 15) in base 4?
1333200
Convert 10aa2 (base 12) to base 13.
a1c3
Convert -2641 (base 11) to base 10.
-3433
What is 143401 (base 6) in base 4?
3112321
What is -924 (base 12) in base 7?
-3601
Convert 110100110111 (base 2) to base 14.
1339
-1128 (base 10) to base 8
-2150
-2867 (base 12) to base 14
-19cb
Convert 11212 (base 4) to base 6.
1354
Convert -41270 (base 9) to base 6.
-325530
-1101101000 (base 2) to base 15
-3d2
What is -4211 (base 5) in base 12?
-3a4
What is -28c (base 13) in base 4?
-13012
-10333321 (base 4) to base 12
-ba21
What is 295 (base 14) in base 6?
2231
-1647 (base 8) to base 10
-935
a31d (base 14) to base 7
144536
What is 1d9 (base 15) in base 8?
655
Convert -110123 (base 4) to base 7.
-3545
1011221020 (base 3) to base 13
a79a
-63442 (base 9) to base 15
-c645
659 (base 10) to base 11
54a
Convert 1101100110110 (base 2) to base 9.
10500
What is 1525 (base 9) in base 2?
10010000101
What is 200202022 (base 3) in base 13?
62b7
What is -12fc (base 16) in base 13?
-229b
Convert a83a (base 12) to base 6.
221314
Convert 16c90 (base 13) to base 15.
d00d
What is b5 (base 15) in base 4?
2222
Convert 1360 (base 9) to base 4.
100002
What is a27 (base 15) in base 7?
6445
-212150 (base 6) to base 15
-5216
-833 (base 11) to base 3
-1101012
Convert -625 (base 12) to base 15.
-3e8
Convert 2122031 (base 4) to base 12.
5865
-46a (base 12) to base 9
-811
15044 (base 6) to base 16
964
Convert 1879 (base 11) to base 5.
34020
What is 48 (base 14) in base 6?
144
Convert -2b3 (base 16) to base 3.
-221121
What is -355 (base 8) in base 10?
-237
What is -42a (base 16) in base 4?
-100222
1102 (base 7) to base 16
18a
Convert 3415 (base 6) to base 13.
49a
-253 (base 10) to base 16
-fd
What is 122121001 (base 3) in base 8?
31032
3804 (base 9) to base 6
21051
Convert 24 (base 14) to base 8.
40
What is -655 (base 10) in base 14?
-34b
21112 (base 5) to base 15
63c
Convert -242 (base 6) to base 14.
-70
-3511 (base 7) to base 2
-10100000010
2101100212 (base 3) to base 6
1001122
What is 214242 (base 5) in base 2?
1110100010111
Convert cca (base 13) to base 2.
100010010010
Convert -1505 (base 10) to base 11.
-1149
What is 11256 (base 9) in base 7?
30606
Convert 1668 (base 11) to base 10.
2131
1702 (base 8) to base 2
1111000010
2024000 (base 5) to base 13
12036
Convert 10221033 (base 4) to base 3.
222002120
What is 44213 (base 8) in base 14?
6aa7
10100101000 (base 2) to base 5
20240
-100212 (base 5) to base 14
-1234
Convert -3201230 (base 4) to base 13.
-6761
Convert 1fc (base 16) to base 5.
4013
-5043 (base 6) to base 2
-10001010011
Convert -1313202 (base 4) to base 5.
-221100
819 (base 10) to base 7
2250
Convert -e2b (base 15) to base 12.
-1a1b
What is 112403 (base 6) in base 16?
25b3
-120301 (base 4) to base 15
-70a
3066 (base 9) to base 16
8c7
10330 (base 4) to base 12
224
Convert 3120 (base 5) to base 3.
120012
4193 (base 10) to base 15
1398
What is -11430 (base 13) in base 7?
-160521
-203 (base 9) to base 2
-10100101
Convert 11141 (base 5) to base 3.
1002111
Convert 139 (base 11) to base 2.
10100011
What is -42205 (base 6) in base 7?
-22412
What is -12333 (base 4) in base 11?
-377
What is -12223 (base 6) in base 16?
-717
-21120 (base 3) to base 16
-cc
Convert -167 (base 8) to base 6.
-315
-17a5 (base 15) to base 13
-2429
What is -159a (base 14) in base 12?
-2298
Convert 24637 (base 8) to base 10.
10655
Convert 120031 (base 4) to base 12.
a91
-37950 (base 11) to base 9
-82536
What is 45 (base 15) in base 14?
49
What is 103322 (base 4) in base 15?
59e
Convert 7ba7 (base 13) to base 4.
10033133
454 (base 11) to base 16
21f
-77 (base 11) to base 14
-60
What is 1021414 (base 5) in base 4?
10023111
What is -1 (base 14) in base 12?
-1
What is a5d5 (base 15) in base 3?
1210010002
Convert 10121 (base 3) to base 5.
342
Convert -60255 (base 7) to base 5.
-431134
What is -196 (base 14) in b